- 2*k**2 + k. Calculate the remainder when (-4 + 25)*1 + -4 is divided by u(5).
7
Let w be 50*(3/(-2))/(-3). Suppose -4*z - z + w = 0. Suppose 6*b = z*b + 50. What is the remainder when b is divided by 13?
11
Suppose -5*j - 24 - 47 = z, 2*z + 116 = 3*j. Let x = -33 - z. What is the remainder when x is divided by 10?
8
Suppose -5*c - 4*w = -7 - 376, -215 = -3*c + 5*w. What is the remainder when c is divided by 34?
7
What is the remainder when 568 is divided by (-2 + -3)*-9*5/15?
13
Let k = 1031 - 494. What is the remainder when k is divided by 18?
15
Let b be (-6)/(2/(-1)) + 1 + -2. Suppose -64 + 44 = -b*n. What is the remainder when 67 is divided by n?
7
Let f be -10 + (-3 - (-10 + 4)). Let z = 8 - f. Calculate the remainder when z is divided by 7.
1
Suppose -i = 3, 4*i = x + 3*i - 77. Suppose -75 = -5*n + 5*f, -6*f + 2*f - 79 = -5*n. Calculate the remainder when x is divided by n.
17
Suppose -2*j + 156 = -4*n - 88, 3*n - 488 = -4*j. Suppose j + 14 = 8*g. Calculate the remainder when 77 is divided by g.
9
Suppose -34*o = -2457 - 7845. What is the remainder when o is divided by 9?
6
Suppose w + 56 = 5*w. Suppose -39 = -15*k + w*k. Calculate the remainder when k is divided by 21.
18
Let s = 1318 + -1287. Calculate the remainder when 151 is divided by s.
27
Let n = 239 + -190. What is the remainder when n is divided by 11?
5
Suppose -5*j - 32 = -3*z, 4*j + 2 = -14. Suppose -z*n = 8 - 60. What is the remainder when 19 is divided by n?
6
Suppose 18*b - 1024 + 88 = 0. What is the remainder when 63 is divided by b?
11
Suppose 1088 = 2*v + 5*l, -2*v - 2*l = -3*l - 1076. Calculate the remainder when v is divided by 12.
11
What is the remainder when 1 + 3/(-7) + (-9184)/(-392) is divided by 6?
0
Suppose -i - i = 52. What is the remainder when 57 is divided by i/(-13) - (-1 + -17)?
17
Let l be (1/2)/((-1)/2)*-35. Suppose 10*b = 5*b + l. Calculate the remainder when 18 is divided by b.
4
Suppose 2*q - 5*y - 7 = -13, 2*y - 36 = -4*q. Calculate the remainder when (2/(-4))/1*-24 is divided by q.
5
Let d(a) = -a + 2. Let w be d(1). Let z(i) be the second derivative of i**3/2 + i**2 - 41*i. What is the remainder when 14 is divided by z(w)?
4
Suppose t = 2*k + 1167, 2*t + k - 1060 - 1274 = 0. Let o = 5 - -11. What is the remainder when t/12 - 3 - (-3)/(-12) is divided by o?
14
Suppose -2*h = -2*a + 32, 3*a + 0*a + h - 40 = 0. Calculate the remainder when 92 is divided by a.
8
Let q be 3*(2 - (-12)/(-9)). Suppose q*a + 3*i = -a, 3*i + 14 = 4*a. Calculate the remainder when a is divided by 1/(-1) + (-4)/(-2).
0
Let p be (17/68)/((-1)/4). What is the remainder when 47 is divided by p - -1 - 25*-1?
22
Calculate the remainder when 54 is divided by 40/(-70) + (-432)/(-21).
14
Let m = -2410 + 2481. Calculate the remainder when 203 is divided by m.
61
Let m be 2 + (-17)/5 - (-2)/5. Calculate the remainder when 33 is divided by 1/4 - ((-114)/24 - m).
1
Let s(h) = -6*h. Let g be s(-2). Suppose -4*b + g = -0. Calculate the remainder when b is divided by 2.
1
Suppose -15*a + 144 = -7*a. Calculate the remainder when a is divided by 10.
8
Let d = -29 - -53. Calculate the remainder when d is divided by (-351)/18*(16/(-6) + 2).
11
Let i(l) = 3*l + 69. What is the remainder when 78 is divided by i(-17)?
6
Suppose 5*k = -5*i, 0 = 2*k + k + 4*i - 3. Let p(s) = 18*s**2 - 2. Let b be p(k). Suppose 2*n = 6*n - b. What is the remainder when n is divided by 15?
10
Let x(g) = 251*g**2 - 13*g + 13. What is the remainder when x(1) is divided by 28?
27
What is the remainder when (-1 - 40)*(0/8 - 1) is divided by 14?
13
Suppose -7*r = -0*r - 140. Suppose -a + r = -0*a. What is the remainder when 35 is divided by a?
15
What is the remainder when 450 is divided by 924/66*(-3)/(-14)?
0
Let l = 53 - 42. Let n = l + 18. Calculate the remainder when n is divided by 4.
1
Suppose -2614 - 133 = -41*d. Calculate the remainder when 170 is divided by d.
36
Suppose 3*z = 38 + 25. Suppose -5*g = -2*g - z. What is the remainder when 20 is divided by g?
6
What is the remainder when 1/(27/1392) + 84/189 is divided by 7?
3
Suppose -2*t + 79 = 3*q, 4*t + 3*q - 114 = 53. What is the remainder when 166 is divided by t?
34
Let q = -16 - -56. What is the remainder when 109 is divided by q?
29
Calculate the remainder when 69 is divided by (15/30)/(2/(-24)) + 13.
6
Let x = -6 + 8. Suppose 2*j - x*t - 24 = -4, -3*t - 9 = 0. Calculate the remainder when 39 is divided by j.
4
Suppose 5*r + 3*d = 60, r - 5*r - d = -48. Suppose -4*t = -0 - r. What is the remainder when t is divided by 3?
0
Let q(b) = 90*b**2 + 4*b - 3. Suppose -1 = 33*m - 34*m. Calculate the remainder when q(m) is divided by 31.
29
Suppose -21*r = -18*r - 372. Calculate the remainder when r is divided by 14.
12
Let g = -195 + 207. Calculate the remainder when 187 is divided by g.
7
Let x be 57 + 1 - (3 - 3). Suppose -12 - x = -a. Let f = -666 + 684. What is the remainder when a is divided by f?
16
Let r(d) = d**3 - 11*d**2 - 8*d + 1. What is the remainder when r(12) is divided by 13?
10
Suppose 24 + 30 = r. Let b = r - 35. What is the remainder when 54 is divided by b?
16
Let r be 1/(18/508) - 14/63. Let c = 61 - r. Calculate the remainder when c is divided by 7.
5
Suppose 2*q = 3*a + 5*q - 42, -4*a + 57 = 5*q. Let v = -4 + a. Suppose 0 = 3*n + 2*n - 30. What is the remainder when v is divided by n?
3
Suppose -15*k = -9*k - 426. What is the remainder when k is divided by 10?
1
Suppose 5*c - 5*t - 210 = 0, 5*c - 3*t = 284 - 70. Calculate the remainder when 218 is divided by c.
42
Calculate the remainder when 115 is divided by (3 + 0 + -2)*(-8 + 62).
7
Suppose 4*q = -3*b + 14, -18 = b - 6*b - 4*q. Suppose 2*p + 6 = g, 3*p = g + b*g - 27. Calculate the remainder when 30 is divided by g.
6
Suppose -2*o + 7*o + l = 381, -5*o - 3*l = -383. Let n = -9746 + 9753. What is the remainder when o is divided by n?
6
Let y be ((-12)/6)/(2/106). Let m = y + 173. Calculate the remainder when m is divided by 17.
16
Suppose -345 = -154*k + 151*k + 5*u, -4*k - 4*u = -428. Let a = 83 - 54. Calculate the remainder when k is divided by a.
23
Suppose -4*m - j + 50 = -3*m, 88 = 2*m - 2*j. Calculate the remainder when m is divided by 17.
13
Let a be ((-77)/33)/(2/6). Let u(o) = -o + 10. What is the remainder when 32 is divided by u(a)?
15
Suppose -14*u + 6*u - 360 = -23*u. Calculate the remainder when 0/1 + 71 - 1 is divided by u.
22
Let q(m) = -35*m - 61. What is the remainder when 418 is divided by q(-2)?
4
Suppose -4*j + 3*f + 46 = f, 0 = 5*j - 3*f - 57. Calculate the remainder when -3 - (-1 - -3)*-54 is divided by j.
9
What is the remainder when (-18530)/85*1*-1 is divided by 32?
26
Let h = 14 + -9. Suppose 0*r = 5*r - h*m - 170, -3 = m. Suppose -5*i = u - 90, -4*i + 0*u - 5*u = -93. What is the remainder when r is divided by i?
14
Let w be (-1 - -1)*(-5)/15. Suppose 2*q - 78 = -b - 2*q, w = -2*b + 3*q + 123. Calculate the remainder when b is divided by 342/15 - (-2)/10.
20
Let j = 469 - 465. What is the remainder when 24 is divided by j?
0
What is the remainder when 30 is divided by ((-3)/(-6))/(2/72)?
12
Let w = 423 + -409. Let x = 220 - 95. What is the remainder when x is divided by w?
13
Let m = 5 + -5. Suppose 5*o = -5*t, m = 2*o - o - 4*t. Suppose 0 = -4*u - o + 32. Calculate the remainder when u is divided by 5.
3
Suppose 0 = -24*m + 11*m + 3289. What is the remainder when m is divided by 16?
13
Let n = 5 - -8. What is the remainder when -5*(5580/25)/(-18) is divided by n?
10
Let u(m) = 24*m**3 + 2*m**2 - 2*m + 1. Let c(y) = y**2 - 10. Let z be c(10). Let g = 137 - z. What is the remainder when g is divided by u(1)?
22
Suppose 3*m = 2*v + 90, -309 = 5*v - 5*m - 94. Calculate the remainder when (-1488)/v - 16/104 is divided by 11.
5
Let r = 89 - 78. Suppose -30*a = -r*a - 665. What is the remainder when 104 is divided by a?
34
Suppose 0*p - 4*g - 124 = -4*p, -2*p = 2*g - 58. Suppose 3*w + 2*w - p = 0. Calculate the remainder when w is divided by ((-57)/(-38))/(6/8).
0
Let v(b) = -24*b**3 + 2*b**2 - 2*b + 1. Let m be v(1). Let x = m - -41. Calculate the remainder when 69 is divided by x.
15
Let f(p) = 23*p**2 + 22*p + 67. What is the remainder when f(-3) is divided by 73?
62
Let w(u) = -7 + u + u**2 + 20 - 4. What is the remainder when 80 is divided by w(-4)?
17
L